85 = -106. Suppose 4*y - 1 = -r, 0 = 3*r + 2*y - 27 + 4. What is the greatest common divisor of u and r?
9
Let a(v) = -v**3 + 9*v**2 - 4*v - 4. Let c be a(8). Calculate the greatest common divisor of 14 and c.
14
Suppose 0 = 2*u + 3*u + 4*d - 188, -u + 49 = -3*d. Suppose -4*v = -5*v + u. What is the greatest common factor of v and 8?
8
Let n(m) = m + 20. Let a be n(0). Let z = 194 - 14. What is the greatest common factor of a and z?
20
Suppose -2*d - 3*d + 40 = 0. Suppose 0*o - d = -4*o. Suppose 4*c + o = 18. What is the highest common divisor of c and 8?
4
Let u be (-1)/(2 + (-14)/6). Let n = 57 + u. Suppose x + 4 - 19 = 0. Calculate the highest common divisor of x and n.
15
Let k(a) = 3*a - 6. Let z be k(3). Suppose -v + 23 = -z*y, y - 45 = -3*v + 4*y. Suppose 0 = -0*j - 4*j + 88. What is the highest common factor of v and j?
11
Let i(u) = 22*u - 33. Let x be i(5). Calculate the greatest common factor of 33 and x.
11
Let m(r) = r + 11. Let t be m(-6). Let y(u) = 0 - u - 1 + u**2 - 3*u. Let f be y(t). Calculate the highest common divisor of 44 and f.
4
Let s be 12/(-9)*18*-1. Suppose 0*k + s = 3*k. Suppose -t + k = -0*t. What is the greatest common divisor of t and 64?
8
Let m = -91 - -140. Let c = -6 + 13. Calculate the greatest common factor of m and c.
7
Suppose -3*h + 5 = -4. Let z be 52/6 + h/9. Let j = 21 - 12. Calculate the greatest common divisor of j and z.
9
Suppose -5*t + 14 = -1. Let w(b) = 2*b**3 - b - 1. Let r be w(-1). Let k be r + (-3)/(t/(-10)). What is the highest common divisor of 40 and k?
8
Suppose -z + 11 + 28 = 0. Let q = 1 + 15. Suppose f - q = -h, -6*f = -f - 15. What is the highest common factor of z and h?
13
Let p = 6 + -5. Suppose i = 4*m - p - 0, i - 2 = m. Suppose i*r - 278 = -0*u - 5*u, 2 = 2*r. What is the greatest common divisor of 11 and u?
11
Let t be ((-24)/18)/(2/(-3)). What is the greatest common divisor of 1 and t?
1
Suppose -167 - 28 = -3*y. What is the greatest common factor of 26 and y?
13
Suppose -22*y - 16 = -26*y. What is the greatest common divisor of y and 10?
2
Let s be (2/(-6))/(10/(-30))*14. Let y = 4 - -10. Calculate the greatest common divisor of s and y.
14
Suppose -3*a - 700 = -5*c, 5*a + 170 = c + 30. What is the greatest common factor of c and 28?
28
Let h(j) = -4*j**2 + 6*j - 1. Let c(q) = -3*q**2 + 6*q - 1. Let b(k) = 5*c(k) - 4*h(k). Let u be b(7). What is the greatest common factor of 9 and u?
9
Let r = 11 + -1. Let w = -9 + r. Calculate the highest common factor of 5 and w.
1
Let u = 41 - 21. Calculate the greatest common factor of u and 160.
20
Suppose 15*j = 17*j - 26. Calculate the greatest common factor of j and 78.
13
Suppose 2*v + 34 = 38. Let c be 69/15 + 6/15. Calculate the greatest common divisor of c and v.
1
Let c = 332 - 324. Suppose -2*a + 9 = -3*q - 680, -3*a - 4*q + 1076 = 0. Suppose 2*s + 0*s = 0, 4*s - a = -4*m. What is the highest common divisor of m and c?
8
Suppose -2*v - 28 = -b - 6*v, -5*v + 29 = b. What is the highest common factor of b and 12?
12
Suppose 0 = 3*n + 3*q - 123, -5*q = -2*n + 19 + 49. What is the greatest common divisor of n and 26?
13
Let k be 2/(-10) - 442/(-10). Let q = k - 14. What is the greatest common factor of q and 15?
15
Let p be -1*1 + (-1 - -5). Let v(d) = 6*d - 1. Let j be v(p). Calculate the greatest common divisor of j and 153.
17
Suppose -2*f + 3 = i - 3*f, -5*f = i + 9. Suppose 0 = -2*s + 3 - i. Suppose -j = -s - 3. Calculate the highest common divisor of j and 12.
4
Let a(f) = 5*f - 3. Let r be a(2). What is the highest common divisor of r and 1?
1
Let t = -120 + 351. Calculate the highest common divisor of 33 and t.
33
Let d = -19 - -13. Let w be 16/(3*(-4)/d). What is the highest common divisor of w and 56?
8
Let v be (-8)/(-28) + 33/7. Calculate the greatest common factor of 40 and v.
5
Suppose 5*p - 128 - 7 = 0. Calculate the greatest common divisor of 9 and p.
9
Suppose r + 2*r - 24 = 0. Let s = r + -3. What is the highest common divisor of 2 and s?
1
Let k be (52/(-12) - -4) + (-146)/(-6). What is the greatest common divisor of 192 and k?
24
Suppose -4*o - 182 = -478. What is the highest common factor of 37 and o?
37
Suppose -10 = 5*t - 350. Calculate the highest common divisor of 4 and t.
4
Let w(i) = -i - 6. Let m be w(-7). Suppose -2*g = -2*j - 30, -5*j + 38 = 2*g + m. Calculate the highest common divisor of 8 and g.
8
Let h(w) = w**3 + w**2 + w + 11. Let r be h(0). What is the greatest common factor of r and 99?
11
Let m = 0 - 0. Suppose i - 2*r - 7 = 0, -4*r = -m*i - 4*i + 24. Suppose w + 5 = 0, -a = -6*w + 2*w - 45. Calculate the greatest common factor of a and i.
5
Let m = -20 + 35. Suppose 5*j + 2*o - 519 = 0, 0*j + 4*o = 3*j - 327. What is the highest common factor of m and j?
15
Let g be 384/27 - 4/18. Suppose 72 = 3*o + 30. Calculate the greatest common factor of o and g.
14
Suppose d - 6*d - 2 = -4*n, -2*d - 5 = -3*n. Suppose -u + 25 = -3*y, -2*u + 20 = 2*y + d*y. Calculate the highest common divisor of u and 16.
16
Suppose 0 = -0*i + 3*i - k + 5, 4*i - 5*k + 25 = 0. Let b(f) = f**3 + 2*f + 22. Let g be b(i). What is the highest common factor of g and 11?
11
Suppose 0 = 3*z - 6, z = b - 4*z + 1. What is the highest common factor of b and 6?
3
Suppose 4*a = w + 86, 3*a + 23 = 4*a - w. Suppose a = 2*b + 5. Suppose -34 = -5*d - p + b, 2*d - 3*p = 10. Calculate the greatest common factor of 1 and d.
1
Let y(a) = -a**3 + 6*a**2 - a + 7. Let u be y(6). Let p be (-3)/(u*3/(-21)). Calculate the highest common factor of 168 and p.
21
Suppose 0 = -0*y - 3*y + 60. Let p = 31 + y. Let k = -8 - -42. Calculate the greatest common divisor of k and p.
17
Suppose 14 - 4 = 2*p. Let k be (3 - p)/2 + 34. Calculate the greatest common divisor of k and 22.
11
Let v(i) = -4*i - 1. Let h be v(-1). Suppose 4*k - 8*k = -28. Suppose 2 = f - k. Calculate the highest common divisor of f and h.
3
Suppose s + b = 3*s - 189, -4*b + 278 = 3*s. Let o be (-1)/(-3) - s/3. Let f = o + 64. Calculate the greatest common factor of 3 and f.
3
Suppose 0 = b - 5*m + 192, m = -3*b + 3*m - 602. Let r(p) = 7*p**2 + p + 4. Let u be r(7). Let k = b + u. Calculate the greatest common divisor of k and 19.
19
Let l = -4 + 6. Suppose 0 = 4*r + 2*d, 0 = -r - r - l*d - 4. Suppose -r*p - 90 = -5*p. What is the greatest common divisor of p and 10?
10
Suppose -5*p - 5*o = -0*p - 15, -5*p - 4*o = -20. What is the highest common divisor of p and 4?
4
Let r be 5 - 1/((-2)/(-4)). Suppose 19 = -r*d + 127. Suppose 3*n + 231 = 4*q - 2*n, 3*n + 225 = 4*q. Calculate the greatest common divisor of d and q.
18
Let d be 4/6 + (-32)/(-6). Suppose 0 = -0*j + 4*j - 4*c - 36, 4*c = 0. Suppose 168 = j*a - 5*a. What is the greatest common divisor of a and d?
6
Let i be ((-24)/(-10))/(8/240). Let w = 101 - i. Calculate the highest common factor of 319 and w.
29
Let r be 136 + 9/(-3) + 0. Let y = r - -5. Suppose -2*c + y = -114. What is the highest common divisor of c and 14?
14
Let m be ((-15)/(-30))/(2/80). What is the highest common factor of 8 and m?
4
Let v be ((-3)/(-2))/(3/6). Suppose 24 = 3*j - 3*n, j + 2*n - 26 = -v*j. Let g(u) = 17*u + 1. Let r be g(2). What is the highest common divisor of j and r?
7
Let v = 28 + -14. What is the highest common factor of v and 112?
14
Let c(w) = 5*w**2 - w - 5. Let i be c(-3). What is the greatest common factor of 86 and i?
43
Let n(l) = -12*l**3 - 2*l**2 + 1. Let q be n(-1). Calculate the highest common factor of q and 121.
11
Let w be (37 - 1)*5/10. Calculate the highest common factor of w and 2.
2
Let s(f) = f**3 - 2*f**2 - f. Let r be s(2). Let y be r/3*(-990)/12. Suppose 2*t - y = t. What is the highest common factor of 5 and t?
5
Let n = -132 + 167. Calculate the highest common factor of n and 70.
35
Suppose -4*p + 2*y + 122 = -2*p, 0 = 4*p - 5*y - 241. What is the greatest common divisor of 96 and p?
32
Let o be 1*(-4 + 0 + 1). Let x be (-5761)/(-21) - 2/o. What is the greatest common divisor of x and 25?
25
Suppose 3*l - 62 = 253. Calculate the highest common divisor of 15 and l.
15
Suppose 3*u + u - 12 = 0. Let d be 12/5*20/u. Calculate the highest common divisor of d and 176.
16
Let t be (-46)/(-4) - (-8)/16. Let o = 4 + t. Suppose -3*p = 5*j - 48, 2*p - 2*j = 3*p - 16. Calculate the highest common factor of o and p.
16
Suppos